test common factor of 374 and 22.
22
What is the greatest common divisor of 624 and 7072?
208
Calculate the highest common factor of 200 and 3400.
200
Calculate the greatest common factor of 72 and 288.
72
What is the greatest common factor of 11 and 341?
11
Calculate the highest common factor of 7 and 301.
7
What is the greatest common divisor of 217 and 155?
31
Calculate the highest common divisor of 22 and 132.
22
Calculate the highest common factor of 9 and 909.
9
Calculate the highest common factor of 20 and 316.
4
What is the greatest common divisor of 3551 and 335?
67
Calculate the highest common factor of 100 and 175.
25
Calculate the greatest common factor of 264 and 638.
22
Calculate the highest common divisor of 40 and 20.
20
What is the highest common divisor of 7137 and 117?
117
What is the highest common factor of 23112 and 8?
8
What is the greatest common divisor of 4092 and 12?
12
What is the greatest common factor of 93 and 496?
31
What is the greatest common factor of 72 and 352?
8
What is the greatest common factor of 9 and 16?
1
Calculate the greatest common factor of 98 and 9604.
98
What is the highest common divisor of 3033 and 10784?
337
Calculate the highest common divisor of 129 and 430.
43
What is the greatest common divisor of 48 and 2712?
24
What is the greatest common factor of 1869 and 63?
21
What is the highest common divisor of 192 and 4944?
48
What is the highest common factor of 330 and 1020?
30
What is the highest common divisor of 448 and 12432?
112
Calculate the highest common factor of 36 and 252.
36
Calculate the greatest common factor of 738 and 54.
18
Calculate the greatest common divisor of 1784 and 8.
8
Calculate the greatest common factor of 6182 and 44.
22
What is the highest common factor of 18 and 138?
6
Calculate the highest common divisor of 14 and 18074.
14
What is the greatest common factor of 704 and 33?
11
What is the greatest common divisor of 12 and 327?
3
Calculate the greatest common divisor of 7760 and 97.
97
Calculate the highest common factor of 1251 and 11537.
139
Calculate the greatest common factor of 2 and 311.
1
What is the highest common divisor of 90 and 162?
18
What is the greatest common factor of 540 and 2520?
180
What is the highest common factor of 260 and 143?
13
Calculate the highest common factor of 17 and 82637.
17
Calculate the greatest common factor of 204 and 12.
12
Calculate the highest common divisor of 224 and 182.
14
What is the greatest common factor of 58 and 1450?
58
Calculate the greatest common divisor of 348 and 4988.
116
Calculate the highest common factor of 1212 and 42.
6
Calculate the greatest common factor of 2048 and 64.
64
What is the highest common factor of 33 and 8250?
33
What is the greatest common factor of 4335 and 6?
3
Calculate the highest common divisor of 1221 and 44.
11
Calculate the highest common divisor of 27 and 288.
9
Calculate the greatest common factor of 208 and 3744.
208
Calculate the highest common divisor of 9 and 1359.
9
What is the greatest common divisor of 14045 and 265?
265
Calculate the greatest common divisor of 7173 and 9.
9
Calculate the highest common divisor of 27 and 63.
9
What is the greatest common divisor of 8 and 696?
8
What is the greatest common factor of 1026 and 380?
38
Calculate the highest common divisor of 25014 and 66.
66
What is the greatest common factor of 80 and 144?
16
Calculate the greatest common divisor of 129 and 6.
3
Calculate the greatest common divisor of 585 and 85.
5
What is the greatest common factor of 28 and 32?
4
Calculate the highest common factor of 1190 and 425.
85
What is the highest common divisor of 22 and 517?
11
What is the greatest common factor of 87 and 609?
87
What is the greatest common factor of 8 and 116?
4
Calculate the highest common factor of 560 and 310.
10
What is the greatest common divisor of 77 and 44?
11
What is the highest common factor of 4 and 148?
4
What is the greatest common factor of 44 and 12?
4
What is the highest common factor of 17917 and 19?
19
Calculate the highest common factor of 2370 and 60.
30
What is the highest common divisor of 2304 and 6?
6
What is the greatest common factor of 288 and 16?
16
Calculate the greatest common divisor of 153 and 36.
9
What is the highest common factor of 21 and 154?
7
Calculate the highest common divisor of 20 and 23450.
10
Calculate the highest common divisor of 31 and 1240.
31
What is the highest common divisor of 234 and 6929?
13
Calculate the highest common divisor of 54 and 603.
9
What is the highest common divisor of 7984 and 64?
16
Calculate the highest common divisor of 58065 and 49.
49
Calculate the highest common factor of 44 and 891.
11
What is the greatest common factor of 3 and 6573?
3
Calculate the greatest common factor of 2457 and 13.
13
Calculate the highest common divisor of 1130 and 10.
10
What is the greatest common divisor of 288 and 342?
18
Calculate the greatest common factor of 7 and 2219.
7
What is the highest common factor of 200 and 6850?
50
What is the highest common factor of 24569 and 158?
79
What is the greatest common divisor of 152 and 190?
38
What is the highest common divisor of 24 and 78?
6
Calculate the highest common factor of 44 and 1353.
11
Calculate the greatest common factor of 187 and 119.
17
Calculate the highest common divisor of 36 and 1152.
36
What is the highest common divisor of 24 and 40?
8
Calculate the highest common divisor of 27 and 11880.
27
Calculate the highest common factor of 6148 and 318.
106
Calculate the highest common divisor of 60 and 260.
20
What is the greatest common factor of 54 and 864?
54
Calculate the greatest common factor of 2862 and 18.
18
Calculate the highest common factor of 24 and 256.
8
Calculate the highest common factor of 972 and 396.
36
What is the highest common divisor of 650 and 195?
65
What is the greatest common factor of 3564 and 72?
36
Calculate the greatest common factor of 1898 and 219.
73
Calculate the highest common divisor of 48 and 408.
24
What is the greatest common factor of 275 and 50?
25
Calculate the highest common factor of 858 and 273.
39
What is the greatest common divisor of 118 and 16?
2
What is the greatest common divisor of 165 and 14465?
55
Calculate the greatest common divisor of 4131 and 612.
153
What is the highest common divisor of 1332 and 52?
4
What is the highest common factor of 52 and 30836?
52
What is the highest common factor of 8 and 392?
8
Calculate the highest common divisor of 2795 and 86.
43
What is the greatest common divisor of 10292 and 124?
124
What is the greatest common factor of 108 and 36?
36
What is the highest common divisor of 58 and 464?
58
What is the highest common divisor of 3982 and 66?
22
What is the highest common divisor of 38 and 1786?
38
What is the greatest common divisor of 198 and 1485?
99
Calculate the highest common factor of 230 and 80.
10
Calculate the highest common factor of 644 and 28.
28
What is the highest common divisor of 25485 and 15?
15
What is the greatest common factor of 480 and 60?
60
Calculate the highest common factor of 12 and 24078.
6
Calculate the greatest common factor of 721 and 581.
7
Calculate the greatest common factor of 43 and 137.
1
Calculate the highest common factor of 13882 and 22.
22
Calculate the greatest common divisor of 168 and 72.
24
Calculate the highest common factor of 19680 and 30.
30
What is the greatest common factor of 67 and 18559?
67
Calculate the highest common factor of 34 and 17527.
17
Calculate the greatest common factor of 3336 and 24.
24
Calculate the highest common factor of 732 and 12.
12
Calculate the greatest common factor of 80 and 1296.
16
Calculate the highest common factor of 16 and 216.
8
Calculate the greatest common factor of 2 and 10.
2
Calculate the greatest common factor of 13 and 9.
1
What is the highest common divisor of 231 and 132?
33
Calculate the highest common factor of 220 and 572.
44
What is the highest common divisor of 66 and 88?
22
Calculate the greatest common divisor of 530 and 40.
10
Calculate the greatest common factor of 1957 and 38.
19
What is the greatest common divisor of 825 and 33?
33
What is the greatest common divisor of 2 and 41?
1
Calculate the highest common factor of 7